r of 113892966 and 5346.
1782
What is the greatest common divisor of 36 and 180009?
9
Calculate the greatest common divisor of 242721047 and 107.
107
Calculate the greatest common factor of 10912 and 2649284.
44
What is the highest common divisor of 17446 and 914329?
793
Calculate the greatest common factor of 2001321643 and 113.
113
What is the highest common divisor of 715434 and 283269?
141
Calculate the highest common divisor of 855 and 18765.
45
What is the highest common divisor of 20861829 and 19?
19
What is the highest common divisor of 3 and 32279703?
3
What is the highest common divisor of 1216204 and 17302?
422
What is the highest common divisor of 44 and 30624532?
4
Calculate the greatest common factor of 4312 and 7447.
11
What is the highest common factor of 13175 and 19428025?
425
What is the highest common factor of 309664 and 109600?
32
Calculate the greatest common factor of 16220035 and 65.
65
What is the greatest common divisor of 197632 and 202457?
193
What is the greatest common divisor of 565144 and 1424504?
328
What is the highest common divisor of 16 and 30040016?
16
Calculate the highest common divisor of 4662 and 8029518.
1554
What is the highest common divisor of 110068788 and 60?
12
Calculate the highest common factor of 115650 and 34218.
18
Calculate the greatest common divisor of 15 and 106976955.
15
Calculate the greatest common divisor of 27963 and 14456.
13
What is the greatest common divisor of 32467959 and 17647?
2521
What is the greatest common divisor of 5004093195 and 15?
15
Calculate the greatest common divisor of 147184 and 624.
16
What is the highest common divisor of 391 and 8993644?
23
Calculate the greatest common divisor of 48 and 52980480.
48
Calculate the highest common factor of 5326 and 146.
2
What is the highest common divisor of 2101162 and 189?
7
What is the highest common factor of 2868 and 17412?
12
What is the highest common divisor of 92 and 38567826?
46
What is the highest common divisor of 930628 and 7880?
788
What is the highest common divisor of 1073886 and 32934?
66
Calculate the highest common divisor of 602 and 5115880.
14
Calculate the greatest common factor of 137698526 and 42.
14
Calculate the highest common factor of 26049 and 586815.
57
What is the highest common divisor of 86 and 6370579?
43
Calculate the greatest common divisor of 353631753 and 18.
9
Calculate the highest common factor of 6538 and 316626.
934
What is the greatest common factor of 6693920 and 850?
170
What is the greatest common divisor of 2579 and 650199427?
2579
Calculate the greatest common factor of 2791580 and 332.
4
Calculate the greatest common factor of 660501 and 2499.
51
Calculate the greatest common divisor of 966420 and 3835.
3835
What is the greatest common factor of 9916471 and 137?
137
What is the greatest common divisor of 119875380 and 30?
30
Calculate the highest common divisor of 735 and 6351380.
245
What is the greatest common divisor of 23723400 and 66576?
456
Calculate the greatest common divisor of 990 and 54623525.
55
Calculate the greatest common factor of 3481720 and 2952.
328
Calculate the greatest common factor of 7770 and 208698.
42
What is the highest common factor of 13784972 and 1245?
83
What is the greatest common factor of 28791 and 43533?
63
Calculate the greatest common divisor of 235501 and 833.
119
Calculate the greatest common factor of 17794 and 196226.
82
What is the highest common factor of 5240828 and 102860?
148
What is the greatest common factor of 16706526 and 282?
282
What is the greatest common divisor of 450 and 46897850?
50
Calculate the greatest common divisor of 3780 and 253491.
21
What is the greatest common divisor of 210 and 5294688?
42
What is the highest common divisor of 1739 and 29396526?
47
Calculate the highest common divisor of 640217 and 2399691.
499
What is the highest common divisor of 48 and 550590?
6
Calculate the highest common factor of 128064 and 4668333.
2001
What is the greatest common divisor of 21730280 and 65?
65
Calculate the greatest common factor of 51 and 807753.
3
What is the highest common divisor of 669472 and 2048?
32
What is the greatest common factor of 57541 and 10417?
11
What is the greatest common factor of 654 and 13045338?
654
Calculate the highest common factor of 183101220 and 1802.
1802
What is the highest common factor of 11455385 and 74?
37
What is the greatest common factor of 38467 and 446589?
143
Calculate the highest common factor of 34191 and 1285241.
131
Calculate the highest common factor of 643555 and 18095.
55
Calculate the greatest common factor of 56 and 1029812.
28
What is the greatest common divisor of 352 and 1058222?
22
What is the highest common factor of 3405774 and 1032756?
5802
Calculate the greatest common factor of 8406 and 20844.
18
Calculate the greatest common factor of 12847840 and 73160.
2360
What is the greatest common factor of 2900 and 17529340?
580
What is the greatest common factor of 1649276 and 342?
38
What is the highest common factor of 1668 and 13542492?
1668
What is the greatest common factor of 157789213 and 8877?
269
What is the greatest common divisor of 9 and 348875?
1
Calculate the highest common factor of 12219070 and 40.
10
What is the highest common divisor of 992925 and 162?
27
What is the greatest common factor of 9392203 and 5629?
433
Calculate the greatest common divisor of 3406524 and 25152.
1572
What is the highest common factor of 124447644 and 684?
684
What is the greatest common divisor of 2607 and 7968114?
33
What is the greatest common divisor of 4708 and 124375944?
4708
What is the greatest common factor of 21942 and 1536561?
207
Calculate the highest common factor of 6208 and 609216.
64
What is the greatest common divisor of 23821892 and 796?
796
What is the greatest common factor of 769384 and 16237?
1249
What is the highest common factor of 9 and 758994?
3
Calculate the highest common factor of 1371307 and 81.
1
Calculate the highest common divisor of 655747 and 3496.
19
Calculate the highest common factor of 149477832 and 3409.
3409
What is the greatest common divisor of 10010 and 10519565?
35
Calculate the greatest common divisor of 2271735 and 2736.
171
What is the greatest common divisor of 1798 and 703576?
62
What is the greatest common factor of 7873893 and 1379?
197
Calculate the highest common factor of 20166468 and 168.
84
Calculate the highest common divisor of 325 and 90136150.
325
What is the highest common divisor of 9926 and 910406?
14
Calculate the greatest common divisor of 126530 and 2810.
10
Calculate the highest common divisor of 4104 and 4184.
8
Calculate the greatest common divisor of 1578 and 72211647.
789
What is the greatest common divisor of 9804923 and 3634?
23
What is the greatest common factor of 46742219 and 295?
59
Calculate the highest common factor of 30874162 and 1892.
22
What is the highest common factor of 19 and 173639651?
19
Calculate the highest common divisor of 1904 and 72210866.
238
What is the greatest common divisor of 284288 and 14976?
128
Calculate the highest common factor of 1502300 and 5341050.
4150
What is the highest common factor of 21 and 2418409?
7
Calculate the greatest common divisor of 5737578 and 11290.
2258
Calculate the greatest common factor of 1253 and 4563391.
7
What is the highest common factor of 295506 and 4302?
18
Calculate the greatest common divisor of 1415 and 56558965.
1415
Calculate the greatest common factor of 44 and 956296.
44
What is the greatest common divisor of 41349760 and 30?
10
Calculate the greatest common divisor of 74668 and 17006.
22
What is the highest common divisor of 742574 and 2604?
434
Calculate the greatest common divisor of 163989540 and 715.
715
Calculate the greatest common factor of 5684346 and 1464.
366
What is the greatest common factor of 2716550417 and 7?
7
What is the highest common factor of 782600 and 525?
175
Calculate the highest common divisor of 35793 and 5312205.
873
Calculate the greatest common factor of 46 and 45271348.
2
What is the highest common divisor of 2 and 930781?
1
Calculate the highest common divisor of 19352 and 125725106.
4838
What is the highest common divisor of 147215481 and 1878?
939
What is the highest common divisor of 14347